{"id":72,"date":"2016-08-13T08:52:18","date_gmt":"2016-08-13T08:52:18","guid":{"rendered":"http:\/\/logistic.wordpress.scriptsbundle.com\/?page_id=72"},"modified":"2022-05-18T04:34:33","modified_gmt":"2022-05-18T04:34:33","slug":"home-3","status":"publish","type":"page","link":"https:\/\/segencargo.com\/","title":{"rendered":"Home 3"},"content":{"rendered":"<p>[vc_row][vc_column][vc_single_image image=\u00bb526&#8243; img_size=\u00bbfull\u00bb alignment=\u00bbcenter\u00bb][\/vc_column][\/vc_row][vc_row][vc_column]<section class=\"custom-padding services-2 white\" >\r\n        <div class=\"container\">\r\n\t\t\t<div class=\"main-heading text-center\"><h2>Nuestros Servicios<\/h2><p><\/p><\/div>\r\n            <div class=\"row\">\r\n                <div id=\"services-block\" class=\"col-sm-12 col-xs-12 col-md-12\">\r\n                    <div class=\"col-md-4 col-xs-12 col-sm-6  \">\r\n\t\t\t\t\t\t\t\t<div class=\"services-box-2 text-center\">\r\n\t\t\t\t\t\t\t\t<div class=\"icons\"> <i class=\"flaticon-airplane-frontal-view\"><\/i><\/div>\r\n\t\t\t\t\t\t\t\t<h4>Servicio A\u00e9reo<\/h4> <p>D\u00edas de embarques: Todos los Viernes (Tiempo m\u00e1ximo para entregar Jueves 6pm).\nTiempo de entrega: 3 a 5 d\u00edas h\u00e1biles.\nDestinos: Venezuela y Panama\nCargos: Se cobra por Libra, se toma lo que sea mayor entre el Peso y el Peso Volum\u00e9trico para el calculo del costo.\n<\/p>\r\n\t\t\t\t\t\t\t\t<\/div>\r\n\t\t\t\t\t\t\t<\/div><div class=\"col-md-4 col-xs-12 col-sm-6  \">\r\n\t\t\t\t\t\t\t\t<div class=\"services-box-2 text-center\">\r\n\t\t\t\t\t\t\t\t<div class=\"icons\"> <i class=\"flaticon-containers-on-oceanic-ship\"><\/i><\/div>\r\n\t\t\t\t\t\t\t\t<h4>Servicio Mar\u00edtimo<\/h4> <p>D\u00edas de embarques: Mi\u00e9rcoles cada dos semanas, (tiempo m\u00e1ximo para entregar: martes 6pm ).\nTiempo de entrega: 15 d\u00edas h\u00e1biles.\nDestinos: Venezuela (Caracas, Valencia, Maracaibo, Machiques) y Panam\u00e1 (sede Calidonea)\nCargos: Este servicio se cobra por medidas basadas en Pie3.\n<\/p>\r\n\t\t\t\t\t\t\t\t<\/div>\r\n\t\t\t\t\t\t\t<\/div><div class=\"col-md-4 col-xs-12 col-sm-6  \">\r\n\t\t\t\t\t\t\t\t<div class=\"services-box-2 text-center\">\r\n\t\t\t\t\t\t\t\t<div class=\"icons\"> <i class=\"flaticon-commercial-delivery-symbol-of-a-list-on-clipboard-on-a-box-package\"><\/i><\/div>\r\n\t\t\t\t\t\t\t\t<h4>Servicio de Recepci\u00f3n<\/h4> <p>Recepci\u00f3n: de Lunes a Viernes de 9 a.m. a 5 p.m.\nCargos: Este servicio es gratuito.\n<\/p>\r\n\t\t\t\t\t\t\t\t<\/div>\r\n\t\t\t\t\t\t\t<\/div>\r\n                <\/div>\r\n            <\/div>\r\n        <\/div>\r\n    <\/section>[\/vc_column][\/vc_row][vc_row][vc_column]<section class=\"section-padding-70 gray\" >\r\n        <div class=\"container\">\r\n\t\t\t<div class=\"main-heading text-center\"><h2>Compra en L\u00ednea y Nosotros te lo llevamos<\/h2><p><\/p><\/div>\r\n            <div class=\"row\">\r\n                \t\r\n                    <div class=\"col-md-3 col-sm-3 col-xs-12\"><div class=\"clients-grid\"> <img class='img-responsive' alt='' src='https:\/\/segencargo.com\/wp-content\/uploads\/2022\/05\/BB-200x130.jpg'> <\/div><\/div><div class=\"col-md-3 col-sm-3 col-xs-12\"><div class=\"clients-grid\"> <img class='img-responsive' alt='' src='https:\/\/segencargo.com\/wp-content\/uploads\/2022\/05\/AM-200x130.jpg'> <\/div><\/div><div class=\"col-md-3 col-sm-3 col-xs-12\"><div class=\"clients-grid\"> <img class='img-responsive' alt='' src='https:\/\/segencargo.com\/wp-content\/uploads\/2022\/05\/Walmart_Logo-200x130.jpg'> <\/div><\/div><div class=\"col-md-3 col-sm-3 col-xs-12\"><div class=\"clients-grid\"> <img class='img-responsive' alt='' src='https:\/\/segencargo.com\/wp-content\/uploads\/2022\/05\/ebay-200x130.jpg'> <\/div><\/div>\r\n\t\t\t\t\t\r\n                <\/div>\r\n        <\/div>\r\n    <\/section>[\/vc_column][\/vc_row][vc_row][vc_column]<section id=\"process\" class=\"section-padding-80 white\" >\r\n\t\t\t\t\t<div class=\"container\">\r\n\t\t\t\t\t<div class=\"main-heading text-center\"><h2>Procedimiento<\/h2><p><\/p><\/div>\r\n\t\t\t\t\t<div class=\"row\">\r\n\t\t\t\t\t\t<div class=\"col-md-12 col-xs-12 com-sm-12 our-process process-steps text-left\">\r\n\t\t\t\t\t\t\t\t<ul>\r\n\t\t\t\t\t\t\t\t  <li><span class=\"process-icon\">\r\n\t\t\t\t\t\t\t\t  \t<i class=\"flaticon-man-standing-with-delivery-box\"><\/i><\/span>\r\n\t\t\t\t\t\t\t\t\t<div class=\"process-detail\">\r\n\t\t\t\t\t\t\t\t\t  <h3>Paso 1<\/h3>\r\n\t\t\t\t\t\t\t\t\t  <h2>Crea tu cuenta<\/h2>\r\n\t\t\t\t\t\t\t\t\t  <div class=\"clearboth\"><\/div>\r\n\t\t\t\t\t\t\t\t\t<\/div>\r\n\t\t\t\t\t\t\t\t  <\/li>\r\n\t\t\t\t\t\t\t\t  <li><span class=\"process-icon\">\r\n\t\t\t\t\t\t\t\t  \t<i class=\"flaticon-commercial-delivery-symbol-of-a-list-on-clipboard-on-a-box-package\"><\/i>\r\n\t\t\t\t\t\t\t\t\t<\/span>\r\n\t\t\t\t\t\t\t\t\t<div class=\"process-detail\">\r\n\t\t\t\t\t\t\t\t\t  <h3>Paso 2<\/h3>\r\n\t\t\t\t\t\t\t\t\t  <h2>Realiza tu compra en tu Lugar Preferido<\/h2>\r\n\t\t\t\t\t\t\t\t\t  <div class=\"clearboth\"><\/div>\r\n\t\t\t\t\t\t\t\t\t<\/div>\r\n\t\t\t\t\t\t\t\t  <\/li>\r\n\t\t\t\t\t\t\t\t  <li><span class=\"process-icon\">\r\n\t\t\t\t\t\t\t\t  \t<i class=\"flaticon-delivery-truck-1\"><\/i><\/span>\r\n\t\t\t\t\t\t\t\t\t<div class=\"process-detail\">\r\n\t\t\t\t\t\t\t\t\t  <h3>Paso 3<\/h3>\r\n\t\t\t\t\t\t\t\t\t  <h2>Realiza tu Compra en tu lugar preferido  y  tus datos Nombre completo \/ Segen Cargo. 260 Crandon Blvd. suite32250 Key Biscayne, FL 33149 (305) 414-5486<\/h2>\r\n\t\t\t\t\t\t\t\t\t  <div class=\"clearboth\"><\/div>\r\n\t\t\t\t\t\t\t\t\t<\/div>\r\n\t\t\t\t\t\t\t\t  <\/li>\r\n\t\t\t\t\t\t\t\t  <li><span class=\"process-icon\">\r\n\t\t\t\t\t\t\t\t  \t<i class=\"flaticon-barscode-with-a-magnifier-business-symbol\"><\/i><\/span>\r\n\t\t\t\t\t\t\t\t\t<div class=\"process-detail\">\r\n\t\t\t\t\t\t\t\t\t  <h3>Paso 4<\/h3>\r\n\t\t\t\t\t\t\t\t\t  <h2>Env\u00edanos por email (support@segencargo.com) el n\u00famero de rastreo de tu compra e ind\u00edcanos la forma en que quieras que te lo enviemos. <\/h2>\r\n\t\t\t\t\t\t\t\t\t  <div class=\"clearboth\"><\/div>\r\n\t\t\t\t\t\t\t\t\t<\/div>\r\n\t\t\t\t\t\t\t\t  <\/li>\r\n\t\t\t\t\t\t\t\t  <div class=\"clearfix\"><\/div>\r\n\t\t\t\t\t\t\t\t<\/ul>\r\n\t\t\t\t\t\t\t  <\/div>\t\r\n\t\t\t\t\t\t\t <\/div>\t\t\t\t\t\t\t\r\n\t\t\t\t\t\t<\/div>\r\n\t\t\t\t\t<\/section>[\/vc_column][\/vc_row]<\/p>\n","protected":false},"excerpt":{"rendered":"<p>[vc_row][vc_column][vc_single_image image=\u00bb526&#8243; img_size=\u00bbfull\u00bb alignment=\u00bbcenter\u00bb][\/vc_column][\/vc_row][vc_row][vc_column][\/vc_column][\/vc_row][vc_row][vc_column][\/vc_column][\/vc_row][vc_row][vc_column][\/vc_column][\/vc_row]<\/p>\n","protected":false},"author":1,"featured_media":0,"parent":0,"menu_order":0,"comment_status":"closed","ping_status":"closed","template":"page-composer.php","meta":{"footnotes":""},"class_list":["post-72","page","type-page","status-publish","hentry"],"jetpack_sharing_enabled":true,"_links":{"self":[{"href":"https:\/\/segencargo.com\/index.php\/wp-json\/wp\/v2\/pages\/72","targetHints":{"allow":["GET"]}}],"collection":[{"href":"https:\/\/segencargo.com\/index.php\/wp-json\/wp\/v2\/pages"}],"about":[{"href":"https:\/\/segencargo.com\/index.php\/wp-json\/wp\/v2\/types\/page"}],"author":[{"embeddable":true,"href":"https:\/\/segencargo.com\/index.php\/wp-json\/wp\/v2\/users\/1"}],"replies":[{"embeddable":true,"href":"https:\/\/segencargo.com\/index.php\/wp-json\/wp\/v2\/comments?post=72"}],"version-history":[{"count":6,"href":"https:\/\/segencargo.com\/index.php\/wp-json\/wp\/v2\/pages\/72\/revisions"}],"predecessor-version":[{"id":544,"href":"https:\/\/segencargo.com\/index.php\/wp-json\/wp\/v2\/pages\/72\/revisions\/544"}],"wp:attachment":[{"href":"https:\/\/segencargo.com\/index.php\/wp-json\/wp\/v2\/media?parent=72"}],"curies":[{"name":"wp","href":"https:\/\/api.w.org\/{rel}","templated":true}]}}